 (-41 - -30).
4
What is -5 - (11 - (7 - 4))?
-13
What is -10 + (11 - 4) - (61 - 25)?
-39
Evaluate 23 + -4 + (-9 - (-1 - 1)).
12
What is 12 - (-16 - (-16 - 10))?
2
What is -4 + (2 - (-2 - -3)) + -12?
-15
-5 + -2 + 15 + -16 + 9 - -21
22
29 + ((8 - -13) + -9 - 6)
35
What is the value of (3 - 5) + -9 + (-16 - -16)?
-11
-5 + 0 + 55 + -9
41
Evaluate (38 - (8 + 3 + -3)) + -2 + -7.
21
37 + 8 + -21 + 2
26
What is (3 - -15) + -58 + 17?
-23
What is (3 - 10) + -7 + 6 - 5?
-13
Evaluate (2 - (2 - 9)) + (22 + 7 - 20).
18
(1 - -9) + 11 + 3 + -11
13
Evaluate -13 - (-1 + 0 + 3 + (-1 - 3)).
-11
What is 1 + 3 - -1 - (-37 + 49 + -8)?
1
What is -4 - ((-28 - -46) + 3)?
-25
Evaluate -2 - (19 + -1 + -2) - -4.
-14
13 + -7 + 1 + -4 - 8
-5
What is (-16 - -14) + (2 - -1) + (-52 - -24)?
-27
What is the value of 1 + (20 - 17) - (1 - 5)?
8
What is 8 - 2 - (8 - (-5 + 6 - -1))?
0
Evaluate 1 - 14 - (-515 - -512).
-10
65 + -74 - (-1 - 21)
13
Calculate (5 - (26 + -31)) + -2.
8
What is the value of (-107 - -104) + (1 - -16)?
14
What is 8 - 1 - (90 + -65)?
-18
What is 28 + (-5 - 5) + -7 - 3?
8
What is the value of (2 - (-1 - 4)) + (-28 - (13 + -23))?
-11
Evaluate -6 + 12 + (11 - (21 + -4)).
0
Calculate (30 - ((0 - -5) + 27)) + 25 + 1.
24
Calculate 18 - 2 - (12 + (3 - (22 + -10))).
13
-15 - (0 + (-7 - (-3 + 0)) + 0)
-11
Evaluate -18 + (6 - (14 + -6 + 4 + -8)).
-16
What is 45 + (-26 - -18) + -14?
23
What is (-3 - -14 - 16 - -11) + 4?
10
Evaluate (23 - 2) + (-33 - -19 - -12).
19
What is the value of 8 + 3 + -20 + 10 - (1 + 3)?
-3
15 + -20 + 6 + 7
8
-7 + 15 - ((-3 - 0) + 3)
8
What is the value of 49 + -24 - (-1 - -16)?
10
What is -14 + -50 + 39 + -5?
-30
Calculate -13 + (39 - (14 + (-16 - -13))).
15
What is -72 + -63 + 131 - ((-1 - 0) + -12)?
9
(4 - (2 + 7 + -13 + 0)) + -18
-10
1 - (-15 + (7 - (1 - 3 - -11)))
18
4 + 1 - (8 + (-2 - -3) + 5)
-9
Calculate -1 + 2 - -2 - (-3 + 2) - 2.
2
Calculate 1 - 7 - (-5 + (-10 - -6 - 8)).
11
What is the value of (0 - 2 - -2) + 1 + 3273 + -3274?
0
17 - (0 - ((15 - 12) + 2 + -10))
12
What is 0 + -10 - (-13 + 2 + 24)?
-23
Calculate -7 + 1 - (2 + 4 + 28 + -37).
-3
Calculate 5 - (-16 - -12) - 35.
-26
What is the value of (1 + -4 - 4) + (15 - 21)?
-13
-8 - 1 - (-5 - (-4 + 18 + -4))
6
What is the value of 0 + (18 + -1 - (-14 + -8 + 29))?
10
Evaluate (-1 - -16) + 82 + 4 + -85.
16
(7 - 13 - 11) + 4 + -8
-21
Evaluate -126 + 130 + (-1 - 9).
-6
What is -17 + (12 - 12) + 13 - -9?
5
-29 - (-33 + 27 - 11)
-12
-31 + (107 + -90 - (1 - -5))
-20
-21 - (35 + -9) - -17
-30
Evaluate (4 - 12) + 27 + -35.
-16
Calculate -1 + -8 + (-36 - -41) + 6.
2
What is the value of (14 - 19) + 9 + (-27 + 2 - -1)?
-20
What is -35 - (-8 + -5 + (9 - 8))?
-23
Calculate 3 - -10 - (17 - 8 - 14).
18
(-4 - (14 - 18)) + -9
-9
(-7 - (27 - 44)) + (0 - (0 + 0))
10
What is -5 - (2 + (-23 - (-11 - -19 - 16)))?
8
Calculate (54 - 14) + -20 - (-2 + 10).
12
What is the value of -3 - -2 - -2 - (6 + -13 + 2)?
6
Evaluate -2 + -10 - (3 + 5 + -7 + -3).
-10
Evaluate (3 - (0 - (4 - -3))) + 5.
15
What is the value of 3 - (1 - -2) - (-8 + (-5 - -12))?
1
Calculate -34 + 6 + -8 + 4.
-32
What is the value of 0 + (3 - (-4 - (-35 + 6 + 6)))?
-16
4 + -9 + (-7 - -11) + 5
4
Evaluate (1 - 3) + (-4 - 27) + 17.
-16
8 + -2 - 3 - (4 + -2)
1
Evaluate -30 + 25 + (-9 - 9).
-23
-343 + 321 - (1 - 15)
-8
What is the value of -1 + 4 + (-24 - -13) + 5?
-3
0 + 12 + -51 + 23 + 38
22
What is -23 + 21 + (4 - 3) + -8 + -4?
-13
Evaluate 5 - ((0 - 6) + 13 + -25 + 11).
12
-229 + 249 + (-33 - 0)
-13
What is the value of -46 + 59 + -21 + 1 + 28 + 2?
23
What is 8 - (5 + 2 + (-7 - -5))?
3
Calculate (1 - (-16 + -9 - 4)) + -4 + -1.
25
What is (-1 + 5 - (-3 - -1)) + -5?
1
(28 - (8 - -21)) + -17
-18
What is the value of 7 + 1 + (-137 - -121) + 10?
2
Evaluate (31 - (-8 + 5 + 14)) + -9.
11
14 + -20 + (5 - -8) - -6
13
Calculate -25 + (-15 - (-45 - -11)).
-6
What is 8 + -10 + 4 + -19?
-17
Evaluate -8 + (-16 - -2) + (-2 - -11).
-13
-9 - -16 - (-3 - -9)
1
What is the value of (5 - 2) + 1 + 8 + (9 - 9)?
12
(-1 - (3 + 3 + 2)) + -150 + 158
-1
-8 + (-8 - 13) + 23
-6
Calculate (-1 - 3 - (-82 + 81)) + 22.
19
What is 3 - (27 + -20 + -15 + 2 + 13)?
-4
-4 + -1 + -10 + 10 + 8 + -10
-7
What is 1 - -15 - (-8 + -16 + 26)?
14
What is the value of (24 - -18) + -62 + 28?
8
What is the value of 46 - 62 - (10 + -7)?
-19
Evaluate -18 + 16 - (-2 + 2 + 3).
-5
What is the value of 6 - (-17 - (7 - 40))?
-10
5 + (2 - (-4 + 5) - 3)
3
Calculate -11 + 0 + 12 + -10 + 5.
-4
What is the value of 102 + -98 - (0 + -2 + -20)?
26
(-30 - -56) + (0 - 3)
23
Calculate -8 - -17 - (-2 + -2) - (6 + 1).
6
What is the value of 172 + -175 - (-21 - (-1 - 1))?
16
-1 + -2 + -24 + (-10 - -28 - 10)
-19
Evaluate (-3 - (-8 + 4 + 3)) + 9 + -30.
-23
-24 - (2 + (-97 - -90 - (3 + 1)))
-15
(-8 + 10 - 6) + (5 - -3)
4
What is the value of (9 + 11 - 25) + (9 - 2) - 17?
-15
Evaluate -9 + 16 + -6 + 8 + -4 + -2.
3
What is 63 + -7 + (9 - 25)?
40
Evaluate -1 + -1 + -2 + (-300 - -300) - 12.
-16
What is the value of -8 + 53 + -31 - (15 + 1)?
-2
Evaluate -3 + 14 + -1 - 5 - (8 + -3).
0
Evaluate (18 - (81 + -43)) + (5 - 0).
-15
(-3 - (-5 + -11)) + 10
23
Evaluate -16 + (2 + 13 - (2 - -5)).
-8
What is (-8 - -28 - 10) + -18 + (-14 - -5)?
-17
Evaluate 14 - 14 - (27 - 17).
-10
Calculate -36 + (0 - -2) + (54 - (52 + 5)).
-37
Calculate (-2 - (-4 - 0)) + (12 - (15 - 5)).
4
What is (10 + 3 - 5 - 8) + 11?
11
What is (-8 - 3 - -4) + 6 + -8 - 24?
-33
What is (2 - (-2 - (-1 + (-7 - -9)))) + 0?
5
What is 33 + 3 - (170 + -151)?
17
Calculate (-116 - -113) + 9 + 1 - (0 + 9).
-2
Calculate 7 + -10 + (-5 - -4) + (-3 - 0).
-7
What is the value of -27 - (-9 - (-8 + 21))?
-5
Calculate 16 - (16 - (21 + -10)) - (1 - -6).
4
What is 11 - ((8 - -6) + 10 + 6)?
-19
What is the value of 15 + -8 + 2 + (2 - 5)?
6
Calculate 6 + (6 - 14 - -12).
10
What is the value of -25 + 2 + 0 + (-40 - -41) - 2?
-24
Evaluate -19 + -5 + -2 + 23.
-3
Evaluate (17 - 63 - -19) + 17.
-10
(22 - 16) + (-11 + -3 - -2) - -18
12
What is the value of (2 - (33 + -37 + (-1 - -3))) + -18?
-14
What is -14 - (2 - 15 - -10)?
-11
Evaluate (50 - 27 - (-1 + 32)) + -20 + 0.
-28
Evaluate -8 - (-7 + 0 + (-6 - -6)).
-1
-14 - -18 - 12 - (4 - (-3 + 11))
-4
Calculate (505 - 471) + -35 + 0.
-1
What is the value of -6 + 2 - ((13 + -4 - -1) + 0)?
-14
What is 0 + -21 - (-38 + 34 - (5 - 6))?
-18
Calculate 1 + (9 - 8) + -5 - (-9 - -1).
5
What is the value of (-53 - -32) + (-1 - -13)?
-9
What is the value of 22 + (-1 - 3) - (-18 + 2 + 14)?
20
-1 + -5 + -5 + 4
-7
What is the value of -10 + -4 + 16 + -9?
-7
Evaluate (-13 - -22) + -7 + 1.
3
What is -12 + 0 - (-23 + -15 + 6)?
20
Calculate 14 - ((-45 - -60) + (1 - 33)).
31
Evaluate -1 - -3 - (10 - 13) - (-22 + 26).
1
What is the value of (-5 - (-3 - -5)) + (2 - (3 - 8))?
0
Evaluate -4 + (-21 - (-3 + 5)) + (1 - -4).
-22
Evaluate -3 + 1 + -2 + 15 + -7.
4
What is 17 - (-26 + (87 - 31))?
-13
Evaluate -3 - (-3 + (0 - (-1 + 6))).
5
(-7 - -8 - -9) + -3
7
What is 26 + (0 - 0) + -15?
11
What is -30 + 20 + (0 - -4) + -1?
-7
Evaluate -40 + 4 + 6 + (-5 - (-10 - -4)).
-29
Evaluate -2 + 20 + 2 - (1104 + -1110).
26
What is 1 - (9 + 5 - 12)?
-1
What is the value of 10 - (-8 - (7 + -6 + 7 - 53))?
-27
Calculate 16 + -21 + 5 + 0 + 6.
6
Evaluate 6 + (-2 - -17) + -6.
15
What is the value of -15 + 11 + 10 + -6?
0
What is the value of -8 + ((8 - -3) + 1 - 6)?
-2
What is the value of (-21 - -16) + 7 - 9?
-7
What is (-3 - (32 - 18)) + 22?
5
Evaluate (12 - (-16 - -19)) + (2 - 18).
-7
Evaluate 4 + -3 + -4 + 0 + 2 + -2.
-3
What is -5 - 8 - (1 + -7)?
-7
9 - ((6 + 2 - (-2 + 6)) + -13)
18
What is -2 + -3 + -21 + 10 + -11?
-27
8 - (9 - 11) - -20 - 0
30
Calculate (25 - (-5 - 0)) + -10.
20
What is -8 + 6 + 9 + -19 + 3?
-9
Evaluate 2 + 1 - (-10 + (4 - -4)).
5
What is (1 - 0 - (-27 + 18)) + -7?
3
-5 - -1 - (5 + 66 - 55)
-20
Evaluate 6 + -7 - (30 + -24).
-7
-11 - (4 + -13 - 9)
7
Calculate 7 + -2 + (80 - 75).
10
What is -10 - (7 + -22) - (5 - (1 - 3))?
-2
Evaluate -12 + 1 - (-147 + 146) - -5.
-5
Evaluate 4 - -1 - (-28 + 35).
-2
What is the value of -428 + 451 + (-27 - -1)?
-3
Calculate 4 + (0 - 6) + 5 - (8 + -2).
-3
Evaluate (0 + -3 + (5 - 8) - -1) + 8.
3
Calculate (21 - 9) + -8 - (-1 + 4).
1
What is the value of 8 + -2 + -16 - -23?
13
What is -2 - (23 + 24 + -21)?
-28
29 + -11 + 13 + -26
5
(0 -